6 - 30. Suppose -4*b + q = -0*b. What are the prime factors of b?
23
Suppose 6*l = -272 + 806. What are the prime factors of l?
89
Suppose -7*p = -8*p + 124. List the prime factors of p.
2, 31
Let f = 1 - 1. Suppose 5 = -f*u + u. Suppose 3*r = -u + 14. What are the prime factors of r?
3
Suppose 4*s + 49 = 3*t, -8 = t - 5*s - 39. Let z = 18 - t. Let d = z - -1. What are the prime factors of d?
2
Suppose 4*a + 2*g = -g + 1, -4*a + 26 = -2*g. List the prime factors of a.
2
Let q be (-12)/15*40/(-2). Suppose 2*w = -2*w - q. What are the prime factors of (15/2)/((-3)/w)?
2, 5
Let u(z) = z**2 - 3*z - 9. What are the prime factors of u(-8)?
79
Suppose 0 = 9*x - 552 - 132. What are the prime factors of x?
2, 19
Let b be 1*(-1 + 0)*-1. Let o be (b - 0)*1 - -7. Suppose -r + o = -0*r. What are the prime factors of r?
2
Let k = -3 - -40. What are the prime factors of k?
37
Let j(f) = 17*f**2. Suppose 5*w = 0, 5*i - 4*w - 5 = -0. What are the prime factors of j(i)?
17
Suppose -m + 4*x = -19, -3*m + 5*x + 55 = -23. What are the prime factors of m?
31
Let n = -11 - -17. Let q(u) = u - 6. Let x be q(n). Suppose 0 = 2*o - 14 - x. What are the prime factors of o?
7
Let k(q) = 470*q**2 - 10*q**3 + 1 + 3*q - 471*q**2 - 3*q. Let m = 0 - 1. What are the prime factors of k(m)?
2, 5
Let z(q) = -3*q**2 + 19*q - 6. Let t(a) = a**2 - 6*a + 2. Let l(g) = -7*t(g) - 2*z(g). Let b be l(5). Let u(x) = x + 16. List the prime factors of u(b).
3
Suppose -4*w + 4 = -4. Suppose -11 = -z - 9. Suppose 5*k = 0, -3*k + 68 = z*x + w*x. What are the prime factors of x?
17
Let t(f) = -16*f**3 - 3*f - 1. Let n be t(-2). Suppose -5*q = -3*o + 106, -3*q - n = -4*o + 2*q. List the prime factors of o.
3
Suppose 196 = 5*b - 139. List the prime factors of b.
67
Let b(a) = -a - 1. Let i(y) = -y + 10. Let u(x) = -b(x) - i(x). What are the prime factors of u(7)?
5
Let g(j) be the second derivative of j**5/20 + j**4/3 - j**3/6 + j**2/2 + j. List the prime factors of g(-4).
5
Suppose c - 17 - 9 = 0. Let p be c/6 + (-10)/(-15). Suppose -l - p*k - 3 = 9, 0 = 2*k + 10. What are the prime factors of l?
13
Let l(m) = 6*m**2 - 1. Let a be l(-1). Let q(p) = -p**2 + 5*p - 4. Let y be q(3). Suppose -6*w - 32 = -2*v - y*w, 5*w + 70 = a*v. List the prime factors of v.
2, 3
Let b = 155 + -76. List the prime factors of b.
79
Let c(l) = -l - 8. Let b be c(-10). Suppose -b*a = -3*a + 9. List the prime factors of a.
3
Suppose 7*g = 22 - 8. Suppose q + g*d = 33 + 10, 5*d = -2*q + 91. What are the prime factors of q?
3, 11
Let f = -254 - -451. List the prime factors of f.
197
Let x(w) = -w - 14. Let c be x(-10). Let p(m) = -m**3 - 3*m**2 + 3*m + 6. List the prime factors of p(c).
2, 5
Let z be ((-8)/(-5))/((-2)/(-5)). Suppose -4*r = 4*n + z, -4*n - 29 = -r + n. Suppose -4*p - 1 = 5*i, r*i - 5*p - 13 = 19. What are the prime factors of i?
3
Let g = -8 + 16. Let n = -1 + g. Suppose -2*u - 3*b + n = -0*u, 0 = -u - 5*b + 7. List the prime factors of u.
2
Let r(y) = -6*y**3 + y**2 - 2. Let k be r(-2). Suppose -k = -5*p + 30. What are the prime factors of p?
2
Suppose 2*i - 54 = -4*h, 0 = 5*h + 4*i - 8*i - 74. Let n = h - 3. What are the prime factors of n?
11
Let x(c) = c**3 + c**2 + c + 41. List the prime factors of x(0).
41
Let i(f) = f. Let k(y) = -2*y - 6. Let g(j) = 3*i(j) + k(j). Let b(u) = u**2 + 6*u + 2. Let z be b(-7). What are the prime factors of g(z)?
3
Let u(t) be the second derivative of 11*t**4/12 - 7*t. What are the prime factors of u(2)?
2, 11
What are the prime factors of (-87)/4*208/(-13)?
2, 3, 29
Suppose -9 = 2*p - 5*p. Suppose p*r = -0*r + 21. Let b(d) = d + 5. List the prime factors of b(r).
2, 3
Let k = 1 - -4. Let m(j) = -j + 15. Let n be m(13). List the prime factors of (8/10)/(n/k).
2
What are the prime factors of (-2 - -7) + -3 - -219?
13, 17
Let r(d) = -4 + 7*d - 5*d - 4. What are the prime factors of r(6)?
2
Let o(n) = -n**3 + 2*n**2 + 2*n - 1. Let b be o(2). Suppose -2*h = -b*h. Suppose h = -5*s + 3*v + 192 - 63, 5*s + v - 117 = 0. What are the prime factors of s?
2, 3
Suppose 0 = -16*h + 21*h - 25. What are the prime factors of h?
5
Suppose 5*n = -51 + 706. What are the prime factors of n?
131
Let w(u) = -5*u**2 - 2. Let k be w(-2). Let t = 45 + k. List the prime factors of t.
23
Let d = 23 - -12. What are the prime factors of d?
5, 7
List the prime factors of 10 - 1 - (0 + 4).
5
Let y = -22 - -11. Let c = 14 + y. List the prime factors of c.
3
Suppose -9 = -2*y + 9. List the prime factors of y.
3
Let q be 2/(-6) + (-8)/12. Let j = 16 - q. What are the prime factors of j?
17
Let w(g) = -g**3 - 2*g**2 + 3*g + 2. Let p be w(-3). What are the prime factors of ((-400)/(-24))/(p/3)?
5
Let i(s) = 4*s + 2*s**2 + 2*s**2 - 3*s**2 - s + 5. What are the prime factors of i(-5)?
3, 5
Let i(c) be the first derivative of -c**4/4 - 5*c**3/3 + 5*c + 1. List the prime factors of i(-5).
5
Suppose -473 = -4*f - 53. List the prime factors of f.
3, 5, 7
Suppose 16*x - 828 = 4*x. What are the prime factors of x?
3, 23
Let q(l) = l**2 + 3*l - 2. Suppose y - 3*c + 2 = -5, 4*y - c = 5. What are the prime factors of q(y)?
2
Suppose -4*g - g + 5*o + 30 = 0, -5*o = 3*g - 18. What are the prime factors of (12/5)/(g/20)?
2
Let c = -419 + 781. List the prime factors of c.
2, 181
Suppose 3*r + 0*r + 9 = 0, -2*m + r + 77 = 0. Suppose -t = -m + 9. List the prime factors of t.
2, 7
Suppose -1 = 2*q - 9. Suppose d = -0*d + q. Suppose -u + 0*u = 5*y - 1, d*y + 76 = 4*u. List the prime factors of u.
2
Suppose -5*n + 25 = -0*n. Suppose y = -3*r + 5, -3*r + 21 + 4 = n*y. Suppose -3*a + 2*a - 4*d + 6 = r, 0 = 3*a + 2*d - 18. List the prime factors of a.
2, 3
Let t(x) be the second derivative of -7*x**5/4 + x**4/12 + x**3/3 + x**2/2 + 3*x. List the prime factors of t(-1).
5, 7
List the prime factors of (800/75)/((-64)/(-30) - 2).
2, 5
Let h(q) = -1 + 3*q + q**3 - 10 + 4 - 10*q**2 - 8. List the prime factors of h(10).
3, 5
Suppose 0 = 3*z + u + 12, z - 5*z - 4*u = 16. Let i = -12 - z. What are the prime factors of (44/6)/(i/(-12))?
11
Suppose o = -2*o + 162. What are the prime factors of o?
2, 3
Suppose -3*a - 5*q - 56 - 28 = 0, q = 5*a + 112. Let o = -16 - a. What are the prime factors of o?
7
Let o(x) = x**3 - 2*x. Let l be o(-2). Let c be (-3)/(2 + -5) + l. What are the prime factors of (3/1)/c*-11?
11
Let r = -3 + 5. What are the prime factors of (-1)/(r + (-69)/33)?
11
Suppose -5*a = 5*x + 135, 4*a - 5*x = -0*x - 81. Let p = a + 62. List the prime factors of p.
2, 19
Let s(n) = 7*n**2 + 15*n - 1. Let q(i) = -8*i**2 - 16*i + 1. Let t(h) = 6*q(h) + 7*s(h). What are the prime factors of t(-10)?
3
Let c(p) = 2*p**2 + p. Let k be c(1). Suppose 36 = k*o - 60. List the prime factors of o.
2
Suppose -18 = c - 5*d, 5*c + 3 = 5*d - 7. Let p be ((-4)/(-5))/((-4)/(-20)). Suppose -c*u - 2*u + 5*v = p, -3*v + 32 = 5*u. List the prime factors of u.
2
Let d be 523/5 + 6/15. Suppose 4*u = u + d. Let m = u + -21. List the prime factors of m.
2, 7
Suppose -12*m + 7287 = 9*m. List the prime factors of m.
347
Let v = -154 - -283. What are the prime factors of v?
3, 43
Suppose -2*h = 3*h - 105. What are the prime factors of h?
3, 7
Suppose -10*v + 1860 - 140 = 0. What are the prime factors of v?
2, 43
What are the prime factors of 124/6*(-6)/(-4)?
31
Let q = 89 - 59. List the prime factors of q.
2, 3, 5
Suppose 0*d - o = 5*d - 9, -d + 1 = o. What are the prime factors of d?
2
Let v be 66/14 - 2/(-7). Suppose -5*h = v*i - 30 - 25, -7 = -i + h. What are the prime factors of i?
3
Let h = -5 - -9. Suppose h*q - 62 + 2 = 0. List the prime factors of q.
3, 5
Let i(q) = -2*q - 6. Let o be i(-5). Suppose 3*n + o = j - 9, 3*n = 2*j - 35. What are the prime factors of j?
2, 11
Suppose u = -0*u + 104. List the prime factors of u.
2, 13
Let b(o) = o**2 + o + 17. List the prime factors of b(7).
73
Let c = -37 + 109. Suppose -11*n + c = -9*n. List the prime factors of n.
2, 3
What are the prime factors of (1 - -1 - 2) + (-131)/(-1)?
131
Let v be 18/(-2)*(4 - 2). Let w = -3 - v. What are the prime factors of w?
3, 5
Suppose 5*f + o = 13, 0 = -3*f + 8*f + 5*o - 25. Suppose 0 = 3*n - 5*w - 54, 0 = -f*n + 2*w + 6 + 26. What are the prime factors of n?
13
Suppose 4*b + 5 = c - 13, 6 = -3*c - 3*b. Suppose 0*a + c*n - 6 = -2*a, 4*n = -2*a + 4. What are the prime fa